1001121
In base 8, what is 1073275 - -3?
1073300
In base 16, what is 0 + -3df6c?
-3df6c
In base 9, what is -2 + -71306?
-71308
In base 13, what is -4 - -27a1?
279a
In base 3, what is 102112 - 12201?
12211
In base 6, what is 41042302 - 5?
41042253
In base 11, what is -18a5 - 11?
-1906
In base 4, what is 10 - 23313311?
-23313301
In base 2, what is -111001 + 101111?
-1010
In base 8, what is 147 - 1051?
-702
In base 8, what is 276 + -36526?
-36230
In base 4, what is 1 + -2020123?
-2020122
In base 10, what is 3 - 733618?
-733615
In base 12, what is -418 + -127?
-543
In base 10, what is 3806 + -4?
3802
In base 6, what is 20221 - 2155?
14022
In base 12, what is 222b0 + b?
222bb
In base 14, what is -2d6 + -5c?
-354
In base 8, what is -1 + -110074?
-110075
In base 15, what is -23209 - 4?
-2320d
In base 3, what is 122 + -12010022?
-12002200
In base 11, what is -1a - -63321?
63302
In base 11, what is -30 - -102a5?
10275
In base 4, what is 3320330212 + 3?
3320330221
In base 2, what is 1010101011111 - -10101?
1010101110100
In base 3, what is -1202102101 + 10?
-1202102021
In base 6, what is -21024040 + -3?
-21024043
In base 8, what is -337314 - -1?
-337313
In base 8, what is -1 + -135762?
-135763
In base 14, what is 34681 + 4?
34685
In base 7, what is -16042 - 101?
-16143
In base 4, what is 210133 - 20232?
123301
In base 16, what is 936b - 1?
936a
In base 6, what is -115 + -225?
-344
In base 5, what is -1 + -41323220?
-41323221
In base 7, what is 304252 + 31?
304313
In base 5, what is 3432411 - 20?
3432341
In base 3, what is 2020112 + -22?
2020020
In base 8, what is 17235 - 2?
17233
In base 6, what is -4524 + 104?
-4420
In base 5, what is 1 + -1133101?
-1133100
In base 11, what is 362 - -187?
539
In base 2, what is -11011000010 + 1001111?
-11001110011
In base 13, what is -28c - -13?
-279
In base 8, what is 27756 + 242?
30220
In base 2, what is -1001000011011 + 1101100?
-1000110101111
In base 2, what is 111000001010010 + 101?
111000001010111
In base 9, what is -114 + -2668?
-2783
In base 13, what is 141c7c1 + 2?
141c7c3
In base 16, what is -54 - 2e5?
-339
In base 10, what is -11 + -21415?
-21426
In base 9, what is -160 - -320?
150
In base 12, what is 2 - 48a3?
-48a1
In base 4, what is 22200321 + 232?
22201213
In base 8, what is -63060 - 3?
-63063
In base 16, what is -1 + -e660f?
-e6610
In base 14, what is 37b + -66?
315
In base 15, what is -3 - -15461?
1545d
In base 9, what is -5 - -6210?
6204
In base 9, what is 1 + 1165028?
1165030
In base 3, what is 10 - 101000012?
-101000002
In base 16, what is 662 + 2c5?
927
In base 13, what is 118 - -4?
11c
In base 7, what is -1 + -40313?
-40314
In base 11, what is 41a536 - -2?
41a538
In base 14, what is 1ad - -158?
327
In base 3, what is 201100 - 101?
200222
In base 11, what is 2 - -11a75?
11a77
In base 7, what is -1 + -13133?
-13134
In base 15, what is -9 - 1c00?
-1c09
In base 8, what is 1415 + 567?
2204
In base 9, what is -2078 - -131?
-1847
In base 10, what is -15887 - -4?
-15883
In base 8, what is -2040 + -1215?
-3255
In base 5, what is 24 + -31332?
-31303
In base 15, what is 8567 + 29?
8591
In base 2, what is 10000110111 + -100011?
10000010100
In base 15, what is -83 - -4e8?
465
In base 11, what is 4 + -87553?
-8754a
In base 8, what is -2 - -170630?
170626
In base 8, what is -670 + -1274?
-2164
In base 8, what is 17366 + 42?
17430
In base 12, what is -2a5b2 - 2?
-2a5b4
In base 14, what is 3 - -6c7b?
6c80
In base 2, what is -11010100001101 - 110000?
-11010100111101
In base 4, what is 12230 - -1030020?
1102310
In base 12, what is 53 + 2645?
2698
In base 2, what is -11100101010111010 - -111?
-11100101010110011
In base 6, what is 314 + -323?
-5
In base 6, what is -3450 + -34?
-3524
In base 15, what is 1b96b - -1?
1b96c
In base 11, what is -257896 + -3?
-257899
In base 5, what is 4 + 14013100?
14013104
In base 7, what is -1 - -10503034?
10503033
In base 6, what is -453530 + 14?
-453512
In base 11, what is 2984 - -13?
2997
In base 3, what is -10011000000 + -2?
-10011000002
In base 3, what is -12221010 - 0?
-12221010
In base 12, what is 1a + 215b?
2179
In base 16, what is -8c - 8774?
-8800
In base 6, what is -1304045 - 13?
-1304102
In base 8, what is 31 - -123762?
124013
In base 3, what is 1202 + 2122002?
2200211
In base 8, what is 743 - -114?
1057
In base 13, what is 332 + 15?
347
In base 10, what is -90174 + -2?
-90176
In base 15, what is 2 - -38bca?
38bcc
In base 16, what is 1ba6 - 24?
1b82
In base 5, what is 1334 - -10322?
12211
In base 9, what is 2232 + -21?
2211
In base 6, what is -445230 - -4?
-445222
In base 3, what is -11 - 202122210?
-202122221
In base 4, what is -3 - 12023332?
-12030001
In base 5, what is -4411 - 344?
-10310
In base 13, what is 4 + 93c54?
93c58
In base 16, what is 23b - -9?
244
In base 4, what is -202001320 + -32?
-202002012
In base 3, what is 2201 - 10111101?
-10101200
In base 9, what is -13601 + 6?
-13584
In base 8, what is 2466 - -15?
2503
In base 8, what is -1160 + 132?
-1026
In base 2, what is 101 - -10010111110001111?
10010111110010100
In base 4, what is 3 + 11300112?
11300121
In base 15, what is e50 - 15?
e3a
In base 5, what is 3 + -203324410?
-203324402
In base 12, what is 5a70 - 3?
5a69
In base 14, what is -1 - 66d9?
-66da
In base 14, what is a - 1496?
-148a
In base 5, what is 1121 - 4401?
-3230
In base 6, what is 1104 - 14?
1050
In base 6, what is 404021 - -335?
404400
In base 10, what is -2 - 542971?
-542973
In base 3, what is 2101010 + -222211?
1101022
In base 16, what is 2 - 27c08?
-27c06
In base 9, what is 235 + -1472?
-1236
In base 4, what is -3 + -303020?
-303023
In base 12, what is 5a0 - 144?
458
In base 6, what is 201514 + 2?
201520
In base 10, what is 5 - -525807?
525812
In base 16, what is -3 + -345fb?
-345fe
In base 4, what is 101 - -132301?
133002
In base 10, what is -2 - -5622?
5620
In base 7, what is 5 + 201443?
201451
In base 12, what is -1673b - -4?
-16737
In base 14, what is -2 + -42d0?
-42d2
In base 16, what is a - -b7bf?
b7c9
In base 10, what is -2 + -3165?
-3167
In base 6, what is 0 + -124305?
-124305
In base 7, what is -106 - -34023?
33614
In base 5, what is -14 + -104324011?
-104324030
In base 8, what is 5 + -1751?
-1744
In base 11, what is 12 + 2217?
2229
In base 9, what is -806 - 12?
-818
In base 10, what is 29576 + -16?
29560
In base 6, what is 10134 + -14?
10120
In base 8, what is -467 - 17?
-506
In base 4, what is -1 + -110221113?
-110221120
In base 14, what is -13 + -48d?
-4a2
In base 6, what is 10510052 - -5?
10510101
In base 10, what is 2686 - -1060?
3746
In base 9, what is -40 - -6685?
6645
In base 14, what is 1aa0 + 5?
1aa5
In base 12, what is -3a + -2629?
-2667
In base 9, what is 5 - 31803?
-31787
In base 5, what is 120 - 411334?
-411214
In base 13, what is 1 - 11294?
-11293
In base 15, what is -ec + -d7e?
-e7b
In base 9, what is -64803 - -58?
-64734
In base 16, what is 1338 - -e?
1346
In base 11, what is -1335 - -47?
-1299
In base 11, what is 3225 + 2?
3227
In base 6, what is -13543435 + 4?
-13543431
In base 5, what is -13000 - -3134?
-4311
In base 16, what is 423ec - 2?
423ea
In base 10, what is -75134 - -4?
-75130
In base 5, what is 2030023 - 10?
2030013
In base 2, what is 100110010 + -1010110011101?
-1010001101011
In base 3, what is -1212000 + -11021?
-2000021
In base 6, what is 301 - -23035?
23340
In base 6, what is -11 + 35232?
35221
In base 9, what is -5 + -1217074?
-1217080
In base 5, what is -1042 + 14341?
13244
In base 15, what is -b - -327?
31b
In base 16, what is -3c35 - 6?
-3c3b
In base 10, what is -15088 + 3?
-15085
In base 11, what is -51 + -2878?
-2919
In base 5, what is -2312 + -11330?
-14142
In base 7, what is -143 - 116?
-262
In base 16, what is -409391 + 5?
-40938c
In base 7, what is 3 + 6410331?
6410334
In base 6, what is -511423 + -2?
-511425
In base 10, what is -10 - -19361?
19351
In base 2, what is 11110001000011100110011 - 0?
11110001000011100110011
In base 8, what is 0 - -2277212?
2277212
In base 12, what is -11 - -8409?
83b8
In base 15, what is -3 + -88ec?
-8900
In base 14, what is -1ab + -6bc?
-889
In base 11, what is 6492 - -21?
6503
In base 6, what is 140244423 + 3?
140244430
In base 3, what is -101200 + -100?
-102000
In base 11, what is -9 + -5a58?
-5a66
In base 11, what is -2a + 3798?
3769
In base 4, what is 120003